
8
What is the tens digit of 9086?
8
What is the units digit of 9908?
8
What is the units digit of 424?
4
What is the units digit of 10178?
8
What is the thousands digit of 38158?
8
What is the tens digit of 351?
5
What is the units digit of 8951?
1
What is the units digit of 861?
1
What is the tens digit of 1863?
6
What is the tens digit of 857?
5
What is the units digit of 9662?
2
What is the tens digit of 1482?
8
What is the tens digit of 33946?
4
What is the thousands digit of 2859?
2
What is the units digit of 377?
7
What is the tens digit of 21345?
4
What is the thousands digit of 24883?
4
What is the hundreds digit of 11435?
4
What is the thousands digit of 1339?
1
What is the tens digit of 1199?
9
What is the hundreds digit of 1740?
7
What is the tens digit of 87?
8
What is the units digit of 15125?
5
What is the units digit of 6370?
0
What is the tens digit of 84?
8
What is the hundreds digit of 1273?
2
What is the units digit of 387?
7
What is the ten thousands digit of 62271?
6
What is the thousands digit of 3875?
3
What is the hundreds digit of 26235?
2
What is the hundreds digit of 3950?
9
What is the thousands digit of 3753?
3
What is the hundreds digit of 5263?
2
What is the thousands digit of 1323?
1
What is the hundred thousands digit of 117063?
1
What is the tens digit of 275?
7
What is the units digit of 450?
0
What is the units digit of 286?
6
What is the thousands digit of 8992?
8
What is the units digit of 3130?
0
What is the hundreds digit of 2520?
5
What is the hundreds digit of 49043?
0
What is the tens digit of 1200?
0
What is the ten thousands digit of 26328?
2
What is the units digit of 450?
0
What is the tens digit of 226?
2
What is the units digit of 41302?
2
What is the tens digit of 3030?
3
What is the hundreds digit of 1028?
0
What is the hundreds digit of 575?
5
What is the hundreds digit of 11422?
4
What is the hundreds digit of 1399?
3
What is the units digit of 757?
7
What is the tens digit of 98169?
6
What is the units digit of 10107?
7
What is the ten thousands digit of 44386?
4
What is the hundreds digit of 1622?
6
What is the units digit of 982?
2
What is the hundreds digit of 4057?
0
What is the hundreds digit of 3956?
9
What is the tens digit of 2497?
9
What is the units digit of 4668?
8
What is the hundreds digit of 22262?
2
What is the units digit of 1929?
9
What is the units digit of 22269?
9
What is the tens digit of 400?
0
What is the units digit of 18858?
8
What is the tens digit of 2539?
3
What is the thousands digit of 5915?
5
What is the tens digit of 709?
0
What is the units digit of 1279?
9
What is the tens digit of 27505?
0
What is the tens digit of 11133?
3
What is the thousands digit of 32327?
2
What is the thousands digit of 36738?
6
What is the thousands digit of 6815?
6
What is the units digit of 21529?
9
What is the thousands digit of 6067?
6
What is the thousands digit of 4761?
4
What is the tens digit of 3318?
1
What is the hundreds digit of 1860?
8
What is the hundreds digit of 566?
5
What is the thousands digit of 6409?
6
What is the ten thousands digit of 110707?
1
What is the units digit of 928?
8
What is the hundreds digit of 2415?
4
What is the thousands digit of 33145?
3
What is the tens digit of 17884?
8
What is the tens digit of 69?
6
What is the hundreds digit of 7160?
1
What is the units digit of 325?
5
What is the hundreds digit of 70386?
3
What is the thousands digit of 11557?
1
What is the hundreds digit of 21666?
6
What is the ten thousands digit of 25799?
2
What is the thousands digit of 4593?
4
What is the tens digit of 35?
3
What is the ten thousands digit of 24445?
2
What is the units digit of 1746?
6
What is the tens digit of 2152?
5
What is the ten thousands digit of 58210?
5
What is the thousands digit of 24270?
4
What is the tens digit of 1942?
4
What is the units digit of 1925?
5
What is the hundreds digit of 300?
3
What is the hundreds digit of 19844?
8
What is the ten thousands digit of 79179?
7
What is the tens digit of 95?
9
What is the tens digit of 47380?
8
What is the thousands digit of 1384?
1
What is the hundreds digit of 30106?
1
What is the units digit of 587?
7
What is the units digit of 38598?
8
What is the ten thousands digit of 60762?
6
What is the thousands digit of 1111?
1
What is the tens digit of 99668?
6
What is the thousands digit of 50974?
0
What is the units digit of 4714?
4
What is the tens digit of 1921?
2
What is the units digit of 2140?
0
What is the tens digit of 20577?
7
What is the hundreds digit of 6884?
8
What is the thousands digit of 9907?
9
What is the hundreds digit of 5905?
9
What is the tens digit of 7581?
8
What is the tens digit of 5777?
7
What is the tens digit of 27?
2
What is the units digit of 287?
7
What is the hundreds digit of 1885?
8
What is the units digit of 2248?
8
What is the hundreds digit of 834?
8
What is the tens digit of 323?
2
What is the units digit of 879?
9
What is the tens digit of 60608?
0
What is the units digit of 2541?
1
What is the ten thousands digit of 22006?
2
What is the units digit of 17450?
0
What is the units digit of 6478?
8
What is the units digit of 4380?
0
What is the ten thousands digit of 113891?
1
What is the hundreds digit of 17637?
6
What is the thousands digit of 59016?
9
What is the tens digit of 4157?
5
What is the units digit of 954?
4
What is the tens digit of 5940?
4
What is the units digit of 109321?
1
What is the units digit of 9903?
3
What is the hundreds digit of 13560?
5
What is the ten thousands digit of 18865?
1
What is the tens digit of 2051?
5
What is the units digit of 4286?
6
What is the thousands digit of 104521?
4
What is the units digit of 1818?
8
What is the units digit of 29778?
8
What is the tens digit of 23727?
2
What is the tens digit of 4815?
1
What is the thousands digit of 1099?
1
What is the units digit of 1118?
8
What is the units digit of 54403?
3
What is the hundreds digit of 181?
1
What is the units digit of 12611?
1
What is the thousands digit of 8714?
8
What is the tens digit of 4680?
8
What is the thousands digit of 29143?
9
What is the thousands digit of 9289?
9
What is the hundreds digit of 1122?
1
What is the hundreds digit of 3470?
4
What is the hundreds digit of 4598?
5
What is the units digit of 30337?
7
What is the tens digit of 694?
9
What is the units digit of 718?
8
What is the units digit of 14578?
8
What is the ten thousands digit of 15948?
1
What is the ten thousands digit of 10260?
1
What is the units digit of 17066?
6
What is the hundreds digit of 10074?
0
What is the hundreds digit of 46482?
4
What is the tens digit of 1328?
2
What is the thousands digit of 38731?
8
What is the tens digit of 12412?
1
What is the hundreds digit of 294?
2
What is the tens digit of 8437?
3
What is the ten thousands digit of 10267?
1
What is the ten thousands digit of 14072?
1
What is the thousands digit of 86590?
6
What is the thousands digit of 2170?
2
What is the tens digit of 5421?
2
What is the units digit of 92979?
9
What is the hundreds digit of 13505?
5
What is the hundreds digit of 73669?
6
What is the units digit of 3704?
4
What is the hundreds digit of 2547?
5
What is the tens digit of 18289?
8
What is the units digit of 1001?
1
What is the hundreds digit of 101550?
5
What is the thousands digit of 2177?
2
What is the thousands digit of 42064?
2
What is the tens digit of 812?
1
What is the units digit of 5836?
6
What is the units digit of 585?
5
What is the tens digit of 1263?
6
What is the thousands digit of 108941?
8
What is the hundreds digit of 2497?
4
What is the hundreds digit of 1922?
9
What is the hundreds digit of 947?
9
What is the units digit of 30294?
4
What is the tens digit of 19781?
8
What is the units digit of 1689?
9
What is the hundreds digit of 702?
7
What is the units digit of 42609?
9
What is the units digit of 3523?
3
What is the hundreds digit of 7821?
8
What is the thousands digit of 1602?
1
What is the ten thousands digit of 42988?
4
What is the thousands digit of 2156?
2
What is the units digit of 4020?
0
What is the tens digit of 10148?
4
What is the units digit of 734?
4
What is the hundreds digit of 393?
3
What is the units digit of 177849?
9
What is the units digit of 91465?
5
What is the tens digit o